prime factors of 88724?
2, 41, 541
List the prime factors of 6155.
5, 1231
What are the prime factors of 11?
11
What are the prime factors of 60737?
60737
List the prime factors of 50440.
2, 5, 13, 97
List the prime factors of 22700.
2, 5, 227
List the prime factors of 6284.
2, 1571
List the prime factors of 64167.
3, 73, 293
What are the prime factors of 4806?
2, 3, 89
What are the prime factors of 81221?
7, 41, 283
What are the prime factors of 7768?
2, 971
What are the prime factors of 10212?
2, 3, 23, 37
What are the prime factors of 19863?
3, 2207
List the prime factors of 367.
367
List the prime factors of 1874.
2, 937
What are the prime factors of 173955?
3, 5, 11597
What are the prime factors of 131?
131
What are the prime factors of 2317?
7, 331
What are the prime factors of 45156?
2, 3, 53, 71
List the prime factors of 3895.
5, 19, 41
List the prime factors of 60850.
2, 5, 1217
What are the prime factors of 1485?
3, 5, 11
List the prime factors of 19996.
2, 4999
List the prime factors of 18346.
2, 9173
List the prime factors of 30882.
2, 3, 5147
What are the prime factors of 3262?
2, 7, 233
What are the prime factors of 34531?
7, 4933
What are the prime factors of 242?
2, 11
List the prime factors of 12106.
2, 6053
List the prime factors of 122568.
2, 3, 5107
What are the prime factors of 972?
2, 3
List the prime factors of 46341.
3, 19, 271
What are the prime factors of 458?
2, 229
What are the prime factors of 29358?
2, 3, 7, 233
List the prime factors of 1361.
1361
List the prime factors of 18430.
2, 5, 19, 97
List the prime factors of 37322.
2, 18661
What are the prime factors of 7055?
5, 17, 83
List the prime factors of 8190.
2, 3, 5, 7, 13
What are the prime factors of 12777?
3, 4259
List the prime factors of 1362.
2, 3, 227
List the prime factors of 7427.
7, 1061
List the prime factors of 54236.
2, 7, 13, 149
What are the prime factors of 1488?
2, 3, 31
List the prime factors of 9564.
2, 3, 797
List the prime factors of 63019.
11, 17, 337
List the prime factors of 47054.
2, 7, 3361
List the prime factors of 929.
929
List the prime factors of 922.
2, 461
What are the prime factors of 149250?
2, 3, 5, 199
List the prime factors of 522.
2, 3, 29
What are the prime factors of 108355?
5, 13, 1667
List the prime factors of 5666.
2, 2833
List the prime factors of 2765.
5, 7, 79
List the prime factors of 23909.
23909
List the prime factors of 3711.
3, 1237
List the prime factors of 12871.
61, 211
List the prime factors of 6972.
2, 3, 7, 83
What are the prime factors of 3397?
43, 79
List the prime factors of 19131.
3, 7, 911
What are the prime factors of 74298?
2, 3, 7, 29, 61
List the prime factors of 755.
5, 151
List the prime factors of 7052.
2, 41, 43
What are the prime factors of 6127?
11, 557
What are the prime factors of 24974?
2, 12487
What are the prime factors of 4762?
2, 2381
What are the prime factors of 500?
2, 5
List the prime factors of 79625.
5, 7, 13
What are the prime factors of 14641?
11
What are the prime factors of 229?
229
What are the prime factors of 1096?
2, 137
List the prime factors of 2710.
2, 5, 271
List the prime factors of 59206.
2, 7, 4229
What are the prime factors of 1185?
3, 5, 79
List the prime factors of 53323.
53323
What are the prime factors of 173519?
17, 59, 173
List the prime factors of 15359.
15359
List the prime factors of 1238.
2, 619
List the prime factors of 4254.
2, 3, 709
List the prime factors of 3281.
17, 193
List the prime factors of 5199.
3, 1733
What are the prime factors of 9069?
3, 3023
What are the prime factors of 2873?
13, 17
What are the prime factors of 25091?
11, 2281
List the prime factors of 1002.
2, 3, 167
What are the prime factors of 15601?
15601
What are the prime factors of 346?
2, 173
List the prime factors of 13513.
13513
What are the prime factors of 1303?
1303
What are the prime factors of 33450?
2, 3, 5, 223
List the prime factors of 911.
911
List the prime factors of 12330.
2, 3, 5, 137
List the prime factors of 97573.
7, 53, 263
What are the prime factors of 1712?
2, 107
What are the prime factors of 3165?
3, 5, 211
What are the prime factors of 8?
2
List the prime factors of 2154.
2, 3, 359
List the prime factors of 2959.
11, 269
What are the prime factors of 35965?
5, 7193
What are the prime factors of 6328?
2, 7, 113
List the prime factors of 120412.
2, 30103
List the prime factors of 44643.
3, 23, 647
What are the prime factors of 522?
2, 3, 29
List the prime factors of 29254.
2, 14627
List the prime factors of 13795.
5, 31, 89
List the prime factors of 59897.
89, 673
List the prime factors of 6990.
2, 3, 5, 233
What are the prime factors of 14506?
2, 7253
List the prime factors of 18135.
3, 5, 13, 31
List the prime factors of 22994.
2, 11497
What are the prime factors of 160045?
5, 32009
What are the prime factors of 140?
2, 5, 7
List the prime factors of 1343.
17, 79
List the prime factors of 1743.
3, 7, 83
What are the prime factors of 11387?
59, 193
What are the prime factors of 2439?
3, 271
What are the prime factors of 1072?
2, 67
List the prime factors of 844.
2, 211
List the prime factors of 4244.
2, 1061
List the prime factors of 2818.
2, 1409
What are the prime factors of 11178?
2, 3, 23
What are the prime factors of 5803?
7, 829
What are the prime factors of 4798?
2, 2399
What are the prime factors of 1553?
1553
What are the prime factors of 181?
181
What are the prime factors of 2639?
7, 13, 29
What are the prime factors of 1415?
5, 283
What are the prime factors of 6034?
2, 7, 431
List the prime factors of 1934.
2, 967
What are the prime factors of 3900?
2, 3, 5, 13
List the prime factors of 778.
2, 389
List the prime factors of 3129.
3, 7, 149
What are the prime factors of 1024?
2
What are the prime factors of 11268?
2, 3, 313
What are the prime factors of 50701?
7, 7243
What are the prime factors of 46475?
5, 11, 13
What are the prime factors of 2268?
2, 3, 7
List the prime factors of 125447.
7, 17921
What are the prime factors of 1508?
2, 13, 29
What are the prime factors of 2113?
2113
List the prime factors of 79.
79
What are the prime factors of 22342?
2, 11171
What are the prime factors of 82131?
3, 7, 3911
List the prime factors of 12411.
3, 7, 197
What are the prime factors of 1477?
7, 211
What are the prime factors of 446?
2, 223
List the prime factors of 3974.
2, 1987
What are the prime factors of 14419?
14419
List the prime factors of 1558.
2, 19, 41
List the prime factors of 5005.
5, 7, 11, 13
What are the prime factors of 1116?
2, 3, 31
List the prime factors of 23943.
3, 23, 347
What are the prime factors of 1987?
1987
What are the prime factors of 36595?
5, 13, 563
List the prime factors of 168.
2, 3, 7
List the prime factors of 22810.
2, 5, 2281
What are the prime factors of 1754?
2, 877
List the prime factors of 1009.
1009
What are the prime factors of 72707?
72707
What are the prime factors of 2286?
2, 3, 127
List the prime factors of 6489.
3, 7, 103
List the prime factors of 54605.
5, 67, 163
What are the prime factors of 94717?
7, 1933
List the prime factors of 933.
3, 311
What are the prime factors of 95775?
3, 5, 1277
List the prime factors of 16192.
2, 11, 23
List the prime factors of 1201.
1201
List the prime factors of 6303.
3, 11, 191
List the prime factors of 897.
3, 13, 23
What are the prime factors of 6326?
2, 3163
What are the prime factors of 1329?
3, 443
What are the prime factors of 1703?
13, 131
What are the prime factors of 99052?
2, 24763
What are the prime factors of 580?
2, 5, 29
What are the prime factors of 2187?
3
List the prime factors of 903.
3, 7, 43
List the prime factors of 177.
3, 59
What are the prime factors of 8525?
5, 11, 31
List the prime factors of 116022.
2, 3, 61, 317
List the prime factors of 653.
653
What are the prime factors of 11609?
13, 19, 47
What are the prime factors of 8942?
2, 17, 263
List the prime factors of 11128.
2, 13, 107
What are the prime factors of 1166?
2, 11, 53
What are the prime factors of 8602?
2, 11, 17, 23
What are the prime factors of 13647?
3, 4549
What are the prime factors of 17170?
2, 5, 17, 101
List the prime factors of 4335.
3, 5, 17
What are the prime factors of 6252?
2, 3, 521
What are the prime factors of 24453?
3, 11, 13, 19
List the prime factors 